
-25
Calculate 10 - ((1 - -12 - 26) + 12).
11
Calculate (7 - 1) + (-31 - (-50 - -22)).
3
What is 6 - 32 - 1 - (31 + -45)?
-13
What is 43 - (39 + -32 + -3 + (5 - 6))?
40
What is the value of 1 + -2 - (-27 + 15 - -18)?
-7
What is 27 - ((17 - 10) + 0 - 4)?
24
What is the value of 10 - ((4 + (-9 - 3) - -5) + 7)?
6
What is the value of -21 - (6 - 13) - -8 - (1 + -12)?
5
(2 + -5 - -19) + (-5 - -3 - -9)
23
(-17 - (-19 + 7)) + (-2 - (-1 - 0))
-6
What is the value of 4 + 8 + -3 + -2?
7
What is (-4 - (1 + -2) - (34 - 22)) + -1?
-16
What is 11 - (-7 + 15 + -4 + 5)?
2
What is -5 + (-20 - -1) + 7?
-17
Calculate 12 - -2 - (-3 + -27 - -29).
15
What is -15 + (11 - (4 - 4))?
-4
What is the value of 1 + 4 + 35 + -31 + 56 + -56?
9
Calculate 2 - (2 - -6) - (-22 - (-19 - 3)).
-6
What is the value of -14 + -22 - -20 - -18?
2
What is the value of 15 - 2 - (-28 + (8 - -40))?
-7
Calculate (-16 + 16 - 11) + -14 + (7 - 1).
-19
What is the value of 4 - (47 - 31) - (1 - (2 + 12))?
1
What is the value of (14 - -13) + -4 - 11?
12
Calculate -11 - ((-6 - 12) + 6 + 22).
-21
Calculate (1 - -16) + -4 + 3.
16
What is (0 + -24 - -16) + (6 - 0)?
-2
What is the value of 68 - 67 - ((7 - 2) + 2)?
-6
What is -31 + 34 - (3 + -7)?
7
Evaluate 22 + -10 - 8 - 1.
3
Calculate 6 - (-13 + (33 - (5 - -7))).
-2
Evaluate (2 - 19 - (-6 - -20)) + 5.
-26
Calculate 9 - (-1 - -4) - (-194 + 195).
5
Calculate 4 - (5 + -6 - 1).
6
Evaluate 2 + (13 - 9) + 4.
10
Evaluate (0 - 18) + (14 - (11 + -15) - 10).
-10
Calculate (-27 + 35 - (1 - -2)) + -14.
-9
What is the value of 11 - (-1 + 22) - -4 - (-7 + -1)?
2
What is (2 - (2 - 7)) + (1 - -6 - -3)?
17
Evaluate (10 - 8) + (0 + -4 - (-25 - -5)).
18
Evaluate (-11 - -17) + -17 + (-2 - (-3 - -5)).
-15
Calculate (8 - -7) + -29 + 17.
3
Evaluate 5 + -19 + (-10 + (2 - -9) - 9).
-22
Evaluate -6 + 2 + -19 + 10 + 29 + -1.
15
Evaluate (6 - 6) + -7 + (8 - 0).
1
Evaluate -5 - 7 - (6 - (12 + 4 + -3)).
-5
What is the value of -2 + (-5 - 1) + -18 + 13?
-13
Evaluate 8 - (-11 + 9 - -22) - -3.
-9
What is -36 + (4 - (0 - 41))?
9
-28 + 32 + 1 + -1
4
Evaluate (16 - 13) + (4 - -1 - 12).
-4
What is the value of 9 + 4 + (2 - 4) + -1 - 4?
6
Calculate 12 + (0 + -6 - (1 + -2)).
7
Calculate 85 + -85 - ((3 - 6) + -4) - -8.
15
1 + 1 - (3 + (-2 - (-8 - -5)))
-2
Evaluate (-4 - (-12 + -4 + 2)) + -3 - -6.
13
What is (4 - (4 + -1) - 1) + (-3 - -5)?
2
What is 19 - (-1 + 12 + -2) - 12 - -13?
11
Evaluate (-4 - -1) + 8 + -11 + 0.
-6
What is the value of (2 - 12 - (3 + -7) - 4) + 3?
-7
What is the value of (-4 - (-2 - -11)) + (-1 - (-3 - -1))?
-12
What is the value of (-8 - -6) + (-22 - -21 - -15)?
12
What is 1 + (-2 - (-7 + 0)) + (4207 - 4217)?
-4
What is 6 - 21 - (6 - (1 - -6 - 7))?
-21
Calculate (27 - 14 - 10) + 0.
3
1 + 2 + 4 - (18 - 22)
11
Evaluate 0 - -30 - (-271 - -299).
2
What is (817 - 818) + (4 + (-2 - -4) - 1)?
4
What is 5 - (-16 + (18 - -14))?
-11
What is 5 + 0 + 9 + -27 + 11?
-2
-14 + 6 + 3 + 7
2
What is -28 - -64 - 32 - -20?
24
Evaluate -8 + 7 + -17 + 3 - -2 - 2.
-15
What is 4 - ((-1 - 1) + (19 - 16))?
3
What is 0 + -1 + 26 - (-49 + 85 + -38)?
27
Calculate -1 + 11 - (-36 - (-28 + -7)).
11
What is -28 + 21 + 19 - (-1 + -4)?
17
Calculate 1 - 2 - (18 + -11 + -9).
1
(-3 + 14 - 16) + -8
-13
What is the value of 27 + 9 + -42 - (1 - 2)?
-5
-25 + 44 + -39 + -1
-21
-2 - (-1 + -7 - 0 - -14)
-8
What is -9 + 10 + (-23 - -13)?
-9
(-10 - 8) + 0 + 12 + -17
-23
-1 + 13 - (0 - -10)
2
What is 7 - (-8 + 18) - (0 + -3)?
0
Calculate -184 + 210 - (10 + 2).
14
Evaluate -20 + 2 + -34 + 33.
-19
What is the value of 7 + -8 + 3 + 1 + 3?
6
Evaluate 1 + -7 + (-16 - (-37 - -15)).
0
Calculate (-13 - (1 - 1)) + -3 + (-404 - -406).
-14
Evaluate 11 + -6 - 5 - 32.
-32
What is -4 - (-8 + (-4 + -2 - (10 - 16)))?
4
What is the value of 30 + -19 - (2 - -11)?
-2
What is 4 - ((24 - 14) + -4)?
-2
What is -14 - (-6 - -2) - -21?
11
What is 28 + (-15 - -14) + -2?
25
What is 19 + (-6 - (-9 + -5 + 3 - -6))?
18
0 + 1 + (-43 - (-6 + 14)) + 10
-40
What is the value of -1 + -10 + -9 + -3 + 22?
-1
Calculate 13 + -4 + -25 + 17.
1
What is the value of 8 + -1 + 12 - (6 - 5 - -3)?
15
What is the value of -5 - (3 - 12) - 12?
-8
What is the value of (37 - (2 + 1)) + 142 + -154?
22
Calculate (-112 - -113 - (-1 - -1)) + -3.
-2
-42 + 37 + 5 + 3
3
(-70 - -55) + 1 + 6
-8
(21 - (11 + -18 + -9)) + -18
19
What is -18 + 20 + 16 + (-4 - 4)?
10
What is the value of (15 + (-16 - -15) - (12 - 3)) + 5?
10
Evaluate 11 + (-2 - 3 - -5) + (4 - 9).
6
-7 + 17 - (17 - -1)
-8
What is 8 + (-1 - 11 - (1 + 12))?
-17
What is 1 - 13 - (-28 - (-51 - -4) - 27)?
-4
46 + -20 - 17 - (3 - 2)
8
Evaluate 0 - (0 + 3) - (-61 - -62).
-4
Calculate 14 + -9 + -5 + -6 + (25 - 15).
4
Evaluate -4 + 4 + -6 - -7 - -2.
3
What is 75 + -83 + 0 + 7 + -1?
-2
Evaluate -12 - (5 - (-5 - -17) - (1 + -2)).
-6
17 + (-24 + 7 - -5) - 24
-19
Calculate 33 - (-8 + -9 - -22).
28
-8 + -22 + (-10 - -21) + 18
-1
Evaluate -8 - (26 - 12 - 12 - (28 + 0)).
18
What is -3 + 1 + (0 - 8) + 5?
-5
Calculate (11 - -6 - 19) + (0 - 2 - -2).
-2
Evaluate -81 - -66 - (-1 + -27).
13
What is the value of 0 + 10 + 8 + -7 - (4 + -6)?
13
Calculate (10 - 5) + (0 - 2) - (3 - -1).
-1
Evaluate (5 - (1 - 3)) + (-532 - -531).
6
Calculate (23 - (12 + 0 - -7)) + -38.
-34
(13 + (-15 - -4) - 6 - -13) + -27
-18
What is -1 + -19 - (0 + -1) - (-40 + 31)?
-10
-5 + (4 - 8) - (-4 + 0) - 4
-9
Evaluate (0 - 1) + 20 + -15 + -4.
0
Calculate 1 - -4 - (-10 - 0 - -6).
9
Calculate 12 + (-1 - 10 - (-44 + 45)) + 7.
7
-20 + 55 + -22 - 21
-8
Evaluate (2 - 10 - (1 - 22)) + -3 + -29.
-19
What is 2 + (-41 + 47 - (2 - 1 - -3))?
4
What is the value of 2 - (42 + -30 + (2 - 3 - 5))?
-4
What is (-3 - (-6 + 8 + -3)) + 13?
11
Calculate 9 + -16 + 4 + -3 - -10.
4
Evaluate 32 + (-21 - (-7 - -13)).
5
Evaluate 29 - (12 + (-5 - 2)).
24
What is -2 + 23 - (-25 - 1 - -35)?
12
Calculate (-234 - -231) + (1 - 11) - 5.
-18
Evaluate 14 + 0 + -1 - (-56 + 55) - -4.
18
What is 5 + (-17 - -15) + 7?
10
9 - 2 - (68 - 54)
-7
What is -5 + -8 + 1 + -4 + 4?
-12
-1 + 10 - -5 - (-7 + 11 + 6)
4
What is the value of 5 + 3 + 2 + 5 + -25?
-10
Evaluate -1 + 33 - ((-2 - -7) + (40 - 37)).
24
Evaluate 0 + -22 + 267 + -247 - (-7 + -1).
6
What is 3 + 47 + (-148 - -122)?
24
Evaluate 29 + -48 + 13 - 23.
-29
Calculate -207 + 224 + -1 + (1 + 1 - 1).
17
What is the value of 211 + -212 + (13 + -1 - (-2 + 0))?
13
8 + 3 + 3 - (51 - 47)
10
Calculate (-134 - -152) + (1 - 29).
-10
Evaluate -15 + -9 + 10 + 10 - (2 - 21).
15
Calculate -3 - (18 - (1 - -5)) - (10 - 2).
-23
What is the value of -29 + 39 + (-12 - 2) - -19?
15
What is the value of -11 + (12 - (3 + 6))?
-8
9 - (-4 - ((-12 - -6) + 4) - -17)
-6
Evaluate 9 - (10 - (12 + -11 - 6)).
-6
What is 1 - 3 - (-163 - -166)?
-5
What is the value of 7 - (-10 + 14) - 5 - -9 - 10?
-3
Evaluate (31 - 15) + 2 - 4.
14
What is the value of -145 - -128 - (-8 - -2)?
-11
Evaluate -24 + 11 + 1 + 11 + (3 - 0).
2
What is the value of 14 + -16 + 1 + 0 + -4 - -13?
8
14 + -9 + -5 + (-1 - 4) - -18
13
What is (9 - 1) + (3 - (1 - 3 - -17))?
-4
0 + 2 + (-21 - -24) + 1 + -3
3
Evaluate (6 + -3 - -5 - 6) + -1.
1
Calculate 8 + -7 + 1 + -8 + 2.
-4
What is 3 + -8 + 12 - (-2 + 3 + 5)?
1
What is 7 + 0 - (16 + -21) - (-108 + 117)?
3
0 - (6 + -5 - (-2 - -10)) - -4
11
What is -24 - ((5 - -13) + -24)?
-18
Evaluate 5 - (-21 + 9 + 12) - (-6 + 1).
10
Calculate (9 - (11 - -20)) + 13 - -33.
24
What is -15 - ((8 - (0 + 10)) + 2)?
-15
What is the value of 8 - 0 - (9 - 7 - 3)?
9
Evaluate (11 + -19 - 17 - -9) + 16.
0
Evaluate (8 - 11) + 4 + -1.
0
14 - ((-15 + 18 - (0 - 2)) + -11)
20
What is the value of 17 - (8 + -5 + 10 + -6)?
10
What is the value of (-82 - -75) + -4 + -3?
-14
What is the value of 0 + (-23 - -18 - 5)?
-10
What is the value of -4 - -2 - -10 - (11 + -38 + 35)?
0
Evaluate (-2 - (3 + -8 - 4)) + -13.
-6
Evaluate 487 + -503 - (-1 + -30).
15
Evaluate -9 + (-1 - (-3 - 9)) - -6.
8
What is (9 - 2) + (-1 - -6) + 7 + -5?
14
What is (-9 - (-7 + 0) - (1 - 2)) + -7?
-8
What is (8 - (15 + 31)) + 49?
11
What is (-9 - -6) + -3 + (15 + -37 - -64)?
36
What is the value of (84 - 95) + (-8 + 6 - (2 - 1))?
-14
Evaluate 7 - 4 - 6 - (-2 + -6) - -4.
9
Evaluate (4 - 0) + 2 + -18 + (9 - 0).
-3
Calculate (-1 + 40 - 71) + 19.
-13
What is (1 - 4 - 5) + (91 - 64)?
19
What is the value of -38 + (-65 - -92) + 12 + 0 + -2?
-